base 11) to base 4.
-102
Convert -1 (base 5) to base 11.
-1
What is -9 (base 14) in base 16?
-9
-204 (base 5) to base 12
-46
What is -24 (base 11) in base 15?
-1b
What is -11 (base 3) in base 9?
-4
5 (base 15) to base 4
11
What is 4 (base 10) in base 2?
100
-1a (base 15) to base 14
-1b
What is -2 (base 11) in base 8?
-2
Convert 24 (base 6) to base 15.
11
What is -3 (base 7) in base 4?
-3
Convert 93 (base 12) to base 16.
6f
Convert -14 (base 10) to base 13.
-11
Convert -40 (base 11) to base 10.
-44
Convert -17 (base 12) to base 15.
-14
Convert 39 (base 16) to base 13.
45
79 (base 14) to base 16
6b
-5 (base 14) to base 7
-5
What is -3 (base 9) in base 12?
-3
Convert 4 (base 8) to base 5.
4
What is -320 (base 5) in base 8?
-125
3 (base 5) to base 14
3
-1 (base 14) to base 2
-1
Convert -23 (base 6) to base 3.
-120
3d (base 14) to base 3
2001
What is 1 (base 6) in base 9?
1
Convert -17 (base 9) to base 3.
-121
Convert 4 (base 14) to base 3.
11
-4 (base 7) to base 15
-4
What is -2 (base 15) in base 7?
-2
e (base 15) to base 7
20
Convert 41 (base 11) to base 10.
45
101 (base 2) to base 12
5
1011 (base 2) to base 4
23
What is -14 (base 9) in base 2?
-1101
What is 4 (base 8) in base 12?
4
5 (base 16) to base 6
5
What is -a (base 12) in base 10?
-10
What is 0 (base 11) in base 4?
0
146 (base 10) to base 2
10010010
What is 32 (base 8) in base 11?
24
-111122 (base 3) to base 11
-305
Convert 12 (base 6) to base 11.
8
What is 2 (base 12) in base 6?
2
c (base 14) to base 3
110
What is 0 (base 9) in base 11?
0
What is 6 (base 8) in base 13?
6
11 (base 11) to base 2
1100
What is 1 (base 11) in base 7?
1
Convert -1 (base 3) to base 12.
-1
-37 (base 15) to base 2
-110100
What is 13a (base 12) in base 11?
163
What is 28 (base 16) in base 13?
31
70 (base 15) to base 12
89
What is 52 (base 14) in base 7?
132
2 (base 3) to base 11
2
What is 157 (base 11) in base 12?
133
-5 (base 12) to base 15
-5
42 (base 6) to base 7
35
11 (base 3) to base 14
4
Convert 1 (base 14) to base 7.
1
What is -112 (base 4) in base 8?
-26
2 (base 8) to base 9
2
-123 (base 6) to base 9
-56
2 (base 11) to base 10
2
What is -61 (base 8) in base 7?
-100
-79 (base 11) to base 15
-5b
Convert 32 (base 4) to base 12.
12
Convert 3 (base 6) to base 4.
3
Convert -3b (base 15) to base 5.
-211
24 (base 8) to base 7
26
Convert 111 (base 2) to base 15.
7
What is -48 (base 9) in base 12?
-38
Convert -5 (base 7) to base 8.
-5
8 (base 14) to base 9
8
11 (base 14) to base 12
13
7 (base 11) to base 14
7
What is -21 (base 7) in base 16?
-f
Convert 18 (base 14) to base 12.
1a
17 (base 14) to base 6
33
What is 0 (base 9) in base 5?
0
What is -2000 (base 3) in base 11?
-4a
What is 19 (base 10) in base 9?
21
-17 (base 16) to base 7
-32
What is -4 (base 15) in base 12?
-4
-101 (base 2) to base 11
-5
What is a4 (base 12) in base 9?
147
What is -4 (base 6) in base 2?
-100
Convert 403 (base 8) to base 14.
147
Convert 103 (base 4) to base 6.
31
11 (base 3) to base 10
4
-13 (base 15) to base 11
-17
Convert 24 (base 12) to base 9.
31
What is 5 (base 11) in base 10?
5
-411 (base 6) to base 2
-10010111
-125 (base 6) to base 12
-45
Convert -11 (base 3) to base 16.
-4
Convert 4 (base 7) to base 4.
10
Convert fa (base 16) to base 10.
250
What is 5 (base 10) in base 7?
5
Convert -1 (base 12) to base 8.
-1
-10 (base 5) to base 8
-5
Convert -7 (base 11) to base 3.
-21
Convert 10122 (base 3) to base 13.
77
What is 67 (base 9) in base 16?
3d
35 (base 11) to base 16
26
What is -206 (base 8) in base 12?
-b2
Convert -30 (base 14) to base 12.
-36
What is 101 (base 6) in base 16?
25
What is -55 (base 7) in base 15?
-2a
What is -3 (base 11) in base 7?
-3
Convert c (base 16) to base 7.
15
-13 (base 7) to base 9
-11
10000 (base 2) to base 13
13
-24 (base 8) to base 3
-202
What is -2 (base 11) in base 10?
-2
Convert 34 (base 7) to base 4.
121
Convert -3 (base 5) to base 2.
-11
Convert -101 (base 2) to base 7.
-5
Convert -2021 (base 3) to base 2.
-111101
What is -9 (base 15) in base 2?
-1001
0 (base 14) to base 4
0
What is 4 (base 14) in base 7?
4
Convert -204 (base 6) to base 2.
-1001100
What is -8 (base 14) in base 7?
-11
-b6 (base 14) to base 9
-187
a (base 16) to base 3
101
Convert -44 (base 10) to base 8.
-54
-374 (base 8) to base 6
-1100
1 (base 14) to base 4
1
What is 14 (base 6) in base 3?
101
What is -1 (base 9) in base 2?
-1
12 (base 7) to base 11
9
Convert -100 (base 2) to base 13.
-4
Convert d6 (base 16) to base 11.
185
What is 11 (base 3) in base 7?
4
Convert 132 (base 7) to base 15.
4c
19 (base 11) to base 14
16
-4 (base 6) to base 14
-4
What is -10111 (base 2) in base 3?
-212
Convert -3 (base 16) to base 4.
-3
Convert -504 (base 6) to base 11.
-158
60 (base 8) to base 5
143
-2 (base 10) to base 14
-2
Convert d8 (base 14) to base 9.
231
-3 (base 14) to base 12
-3
Convert -6c (base 13) to base 4.
-1122
Convert -29 (base 11) to base 12.
-27
What is -8f (base 16) in base 6?
-355
What is -101002 (base 3) in base 9?
-332
Convert -13 (base 11) to base 7.
-20
-5 (base 10) to base 6
-5
-105 (base 7) to base 12
-46
What is -d (base 14) in base 6?
-21
Convert 3 (base 15) to base 9.
3
Convert 120 (base 6) to base 5.
143
Convert 12 (base 8) to base 14.
a
Convert 35 (base 11) to base 14.
2a
2b (base 14) to base 15
29
Convert -1 (base 7) to base 10.
-1
What is -bb (base 14) in base 6?
-433
11 (base 2) to base 7
3
Convert 11 (base 2) to base 10.
3
-2 (base 11) to base 8
-2
2 (base 3) to base 5
2
Convert 0 (base 11) to base 4.
0
6 (base 12) to base 13
6
Convert 310 (base 4) to base 11.
48
Convert -15 (base 11) to base 4.
-100
Convert -3 (base 8) to base 14.
-3
What is -2 (base 15) in base 2?
-10
What is 3 (base 12) in base 9?
3
Convert 44 (base 8) to base 14.
28
Convert -2 (base 15) to base 6.
-2
Convert -131 (base 4) to base 15.
-1e
4 (base 7) to base 11
4
Convert -9 (base 14) to base 2.
-1001
What is 4 (base 12) in base 5?
4
2 (base 3) to base 12
2
3 (base 5) to base 13
3
What is -8 (base 14) in base 10?
-8
121 (base 11) to base 8
220
250 (base 11) to base 2
100101001
What is 4 (base 13) in base 11?
4
-7 (base 14) to base 6
-11
Convert -1 (base 15) to base 3.
-1
Convert -1 (base 8) to base 7.
-1
2 (base 8) to base 11
2
2 (base 8) to base 12
2
Convert -1 (base 4) to base 15.
-1
What is -5 (base 10) in base 14?
-5
Convert 151 (base 9) to base 6.
331
What is 0 (base 16) in base 8?
0
What is -9 (base 11) in base 8?
-11
What is 222 (base 3) in base 11?
24
What is 20 (base 4) in base 5?
13
What is 0 (base 5) in base 4?
0
Convert 26 (base 8) to base 2.
10110
Convert -9a (base 11) to base 13.
-85
Convert 15 (base 13) to base 8.
22
4 (base 6) to base 8
4
15 (base 16) to base 11
1a
What is 0 (base 5) in base 15?
0
14 (base 15) to base 16
13
What is 4 (base 15) in base 4?
10
What is -4 (base 6) in base 13?
-4
What is 16 (base 13) in base 15?
14
Convert -3 (base 4) to base 2.
-11
What is 11 (base 2) in base 10?
3
60 (base 9) to base 4
312
1 (base 11) to base 9
1
Convert 0 (base 15) to base 4.
0
-432 (base 6) to base 5
-1124
-26 (base 11) to base 5
-103
2 (base 6) to base 3
2
2c (base 15) to base 10
42
What is -1 (base 4) in base 15?
-1
1001001 (base 2) to base 14
53
2113 (base 4) to base 13
b8
-21 (base 6) to base 4
-31
Convert 3 (base 4) to base 12.
3
What is 136 (base 8) in base 14?
6a
What is 6 (base 9) in base 5?
11
What is -1c (base 14) in base 4?
-122
-13 (base 15) to base 13
-15
Convert -2 (base 3) to base 11.
-2
What is 3 (base 12) in base 15?
3
52 (base 8) to base 6
110
What is 0 (base 16) in base 9?
0
16 (base 15) to base 6
33
What is 23 (base 7) in base 14?
13
-51 (base 14) to base 15
-4b
Convert -4 (base 13) to base 9.
-4
4 (base 6) to base 11
4
22 (base 9) to base 11
19
What is 3 (base 14) in base 10?
3
What is 1 (base 13) in base 7?
1
Convert 0 (base 10) to base 7.
0
What is -1 (base 2) in base 9?
-1
Convert -1 (base 4) to base 6.
-1
43 (base 12) to base 14
39
Convert 1c (base 15) to base 8.
33
What is -b1 (base 12) in base 14?
-97
Convert 1010111 (base 2) to base 9.
106
4 (base 11) to base 15
4
Convert -1100 (base 2) to base 10.
-12
Convert -363 (base 7) to base 8.
-300
What is 8 (base 13) in base 16?
8
What is 43 (base 5) in base 9?
25
154 (base 11) to base 12
130
-3 (base 15) to base 6
-3
What is 10 (base 6) in base 11?
6
What is -